{"id":87,"date":"2011-06-24T11:38:46","date_gmt":"2011-06-24T08:38:46","guid":{"rendered":"http:\/\/www.woodentouch.fi\/wordpress\/?page_id=87"},"modified":"2024-04-10T13:23:47","modified_gmt":"2024-04-10T10:23:47","slug":"11penkki60","status":"publish","type":"page","link":"https:\/\/woodentouch.fi\/wordpress\/tuotteet\/galleria\/11penkki60\/","title":{"rendered":"eteisen penkki"},"content":{"rendered":"<p>P\u00e4hkin\u00e4puinen eteisen penkki. Kannen alla s\u00e4ilytystila. Todellinen katseenvangitsija, joka kirvoittaa kommentin jokaiselta vieraalta. Mitat 90x45x45<\/p>\n<p>koivusta 630 euroa<\/p>\n<p>p\u00e4hkin\u00e4st\u00e4 880 euroa<\/p>\n","protected":false},"excerpt":{"rendered":"<p>P\u00e4hkin\u00e4puinen eteisen penkki. Kannen alla s\u00e4ilytystila. Todellinen katseenvangitsija, joka kirvoittaa kommentin jokaiselta vieraalta. Mitat 90x45x45 koivusta 630 euroa p\u00e4hkin\u00e4st\u00e4 880 euroa<\/p>\n","protected":false},"author":3,"featured_media":0,"parent":333,"menu_order":0,"comment_status":"open","ping_status":"closed","template":"tuote.php","meta":{"om_disable_all_campaigns":false,"_monsterinsights_skip_tracking":false,"_monsterinsights_sitenote_active":false,"_monsterinsights_sitenote_note":"","_monsterinsights_sitenote_category":0,"footnotes":""},"class_list":["post-87","page","type-page","status-publish","hentry"],"aioseo_notices":[],"_links":{"self":[{"href":"https:\/\/woodentouch.fi\/wordpress\/wp-json\/wp\/v2\/pages\/87","targetHints":{"allow":["GET"]}}],"collection":[{"href":"https:\/\/woodentouch.fi\/wordpress\/wp-json\/wp\/v2\/pages"}],"about":[{"href":"https:\/\/woodentouch.fi\/wordpress\/wp-json\/wp\/v2\/types\/page"}],"author":[{"embeddable":true,"href":"https:\/\/woodentouch.fi\/wordpress\/wp-json\/wp\/v2\/users\/3"}],"replies":[{"embeddable":true,"href":"https:\/\/woodentouch.fi\/wordpress\/wp-json\/wp\/v2\/comments?post=87"}],"version-history":[{"count":23,"href":"https:\/\/woodentouch.fi\/wordpress\/wp-json\/wp\/v2\/pages\/87\/revisions"}],"predecessor-version":[{"id":2923,"href":"https:\/\/woodentouch.fi\/wordpress\/wp-json\/wp\/v2\/pages\/87\/revisions\/2923"}],"up":[{"embeddable":true,"href":"https:\/\/woodentouch.fi\/wordpress\/wp-json\/wp\/v2\/pages\/333"}],"wp:attachment":[{"href":"https:\/\/woodentouch.fi\/wordpress\/wp-json\/wp\/v2\/media?parent=87"}],"curies":[{"name":"wp","href":"https:\/\/api.w.org\/{rel}","templated":true}]}}