{"id":409,"date":"2009-06-24T16:38:40","date_gmt":"2009-06-24T13:38:40","guid":{"rendered":"http:\/\/www.woodentouch.fi\/wordpress\/?page_id=409"},"modified":"2015-06-30T21:06:05","modified_gmt":"2015-06-30T18:06:05","slug":"sanky50","status":"publish","type":"page","link":"https:\/\/woodentouch.fi\/wordpress\/tuotteet\/galleria\/sanky50\/","title":{"rendered":"sanky50"},"content":{"rendered":"<p>3-vuotiaan huoneen voi sisustaa muulla kuin Nalle Puhilla. T\u00e4ss\u00e4 on tilaa s\u00e4\u00e4st\u00e4v\u00e4 ratkaisu ja moderni sek\u00e4 tyylik\u00e4s kokonaisuus. Mittatilauksena tehdyt kalusteet tarjoavat mahdollisuuksia hy\u00f6dynt\u00e4\u00e4 pienempikin tila optimaalisesti.<\/p>\n<p>Kuvan kokonaisuus noin 1300 euroa<\/p>\n","protected":false},"excerpt":{"rendered":"<p>3-vuotiaan huoneen voi sisustaa muulla kuin Nalle Puhilla. T\u00e4ss\u00e4 on tilaa s\u00e4\u00e4st\u00e4v\u00e4 ratkaisu ja moderni sek\u00e4 tyylik\u00e4s kokonaisuus. Mittatilauksena tehdyt kalusteet tarjoavat mahdollisuuksia hy\u00f6dynt\u00e4\u00e4 pienempikin tila optimaalisesti. Kuvan kokonaisuus noin 1300 euroa<\/p>\n","protected":false},"author":3,"featured_media":0,"parent":333,"menu_order":40,"comment_status":"open","ping_status":"open","template":"tuote.php","meta":{"om_disable_all_campaigns":false,"_monsterinsights_skip_tracking":false,"_monsterinsights_sitenote_active":false,"_monsterinsights_sitenote_note":"","_monsterinsights_sitenote_category":0,"footnotes":""},"class_list":["post-409","page","type-page","status-publish","hentry"],"aioseo_notices":[],"_links":{"self":[{"href":"https:\/\/woodentouch.fi\/wordpress\/wp-json\/wp\/v2\/pages\/409","targetHints":{"allow":["GET"]}}],"collection":[{"href":"https:\/\/woodentouch.fi\/wordpress\/wp-json\/wp\/v2\/pages"}],"about":[{"href":"https:\/\/woodentouch.fi\/wordpress\/wp-json\/wp\/v2\/types\/page"}],"author":[{"embeddable":true,"href":"https:\/\/woodentouch.fi\/wordpress\/wp-json\/wp\/v2\/users\/3"}],"replies":[{"embeddable":true,"href":"https:\/\/woodentouch.fi\/wordpress\/wp-json\/wp\/v2\/comments?post=409"}],"version-history":[{"count":7,"href":"https:\/\/woodentouch.fi\/wordpress\/wp-json\/wp\/v2\/pages\/409\/revisions"}],"predecessor-version":[{"id":1943,"href":"https:\/\/woodentouch.fi\/wordpress\/wp-json\/wp\/v2\/pages\/409\/revisions\/1943"}],"up":[{"embeddable":true,"href":"https:\/\/woodentouch.fi\/wordpress\/wp-json\/wp\/v2\/pages\/333"}],"wp:attachment":[{"href":"https:\/\/woodentouch.fi\/wordpress\/wp-json\/wp\/v2\/media?parent=409"}],"curies":[{"name":"wp","href":"https:\/\/api.w.org\/{rel}","templated":true}]}}