{"id":384,"date":"2009-06-24T16:29:28","date_gmt":"2009-06-24T13:29:28","guid":{"rendered":"http:\/\/www.woodentouch.fi\/wordpress\/?page_id=384"},"modified":"2015-06-23T12:30:48","modified_gmt":"2015-06-23T09:30:48","slug":"ruokapoyta-190","status":"publish","type":"page","link":"https:\/\/woodentouch.fi\/wordpress\/tuotteet\/galleria\/ruokapoyta-190\/","title":{"rendered":"poyta190"},"content":{"rendered":"<p>P\u00e4hkin\u00e4puinen ruokap\u00f6yt\u00e4 jalat l\u00e4pi kannen liitoksin.<\/p>\n<p>N\u00e4m\u00e4 p\u00f6yd\u00e4t kulkevat suvussa viel\u00e4 vuosikymmenien j\u00e4lkeenkin.<\/p>\n<p>200&#215;100 1890 euroa<\/p>\n<p>220&#215;100 2080 euroa<\/p>\n<p>240&#215;100 2310 euroa<\/p>\n","protected":false},"excerpt":{"rendered":"<p>P\u00e4hkin\u00e4puinen ruokap\u00f6yt\u00e4 jalat l\u00e4pi kannen liitoksin. N\u00e4m\u00e4 p\u00f6yd\u00e4t kulkevat suvussa viel\u00e4 vuosikymmenien j\u00e4lkeenkin. 200&#215;100 1890 euroa 220&#215;100 2080 euroa 240&#215;100 2310 euroa<\/p>\n","protected":false},"author":3,"featured_media":0,"parent":333,"menu_order":0,"comment_status":"closed","ping_status":"closed","template":"tuote.php","meta":{"om_disable_all_campaigns":false,"_monsterinsights_skip_tracking":false,"_monsterinsights_sitenote_active":false,"_monsterinsights_sitenote_note":"","_monsterinsights_sitenote_category":0,"footnotes":""},"class_list":["post-384","page","type-page","status-publish","hentry"],"aioseo_notices":[],"_links":{"self":[{"href":"https:\/\/woodentouch.fi\/wordpress\/wp-json\/wp\/v2\/pages\/384","targetHints":{"allow":["GET"]}}],"collection":[{"href":"https:\/\/woodentouch.fi\/wordpress\/wp-json\/wp\/v2\/pages"}],"about":[{"href":"https:\/\/woodentouch.fi\/wordpress\/wp-json\/wp\/v2\/types\/page"}],"author":[{"embeddable":true,"href":"https:\/\/woodentouch.fi\/wordpress\/wp-json\/wp\/v2\/users\/3"}],"replies":[{"embeddable":true,"href":"https:\/\/woodentouch.fi\/wordpress\/wp-json\/wp\/v2\/comments?post=384"}],"version-history":[{"count":23,"href":"https:\/\/woodentouch.fi\/wordpress\/wp-json\/wp\/v2\/pages\/384\/revisions"}],"predecessor-version":[{"id":616,"href":"https:\/\/woodentouch.fi\/wordpress\/wp-json\/wp\/v2\/pages\/384\/revisions\/616"}],"up":[{"embeddable":true,"href":"https:\/\/woodentouch.fi\/wordpress\/wp-json\/wp\/v2\/pages\/333"}],"wp:attachment":[{"href":"https:\/\/woodentouch.fi\/wordpress\/wp-json\/wp\/v2\/media?parent=384"}],"curies":[{"name":"wp","href":"https:\/\/api.w.org\/{rel}","templated":true}]}}