{"id":2760,"date":"2021-07-07T21:08:31","date_gmt":"2021-07-07T18:08:31","guid":{"rendered":"https:\/\/woodentouch.fi\/wordpress\/?page_id=2760"},"modified":"2021-07-07T21:14:53","modified_gmt":"2021-07-07T18:14:53","slug":"tvtaso360","status":"publish","type":"page","link":"https:\/\/woodentouch.fi\/wordpress\/tuotteet\/galleria\/tvtaso360\/","title":{"rendered":"tvtaso360"},"content":{"rendered":"<p>Tamminen tv-taso, jossa hylly keskikaiuttimelle koko tason leveydelt\u00e4. Hyv\u00e4 esimerkki huonekalun teett\u00e4misen eduista.<\/p>\n<p>Kaikki tarpeet laitteiden osalta on huomioitu, ja luonnollisesti johtoviennit on mietitty pistorasioiden ja laitteiden mukaan.<\/p>\n<p>200x55x45 tammi 1630 euroa<\/p>\n","protected":false},"excerpt":{"rendered":"<p>Tamminen tv-taso, jossa hylly keskikaiuttimelle koko tason leveydelt\u00e4. Hyv\u00e4 esimerkki huonekalun teett\u00e4misen eduista. Kaikki tarpeet laitteiden osalta on huomioitu, ja luonnollisesti johtoviennit on mietitty pistorasioiden ja laitteiden mukaan. 200x55x45 tammi 1630 euroa<\/p>\n","protected":false},"author":3,"featured_media":0,"parent":333,"menu_order":0,"comment_status":"closed","ping_status":"closed","template":"tuote.php","meta":{"om_disable_all_campaigns":false,"_monsterinsights_skip_tracking":false,"_monsterinsights_sitenote_active":false,"_monsterinsights_sitenote_note":"","_monsterinsights_sitenote_category":0,"footnotes":""},"class_list":["post-2760","page","type-page","status-publish","hentry"],"aioseo_notices":[],"_links":{"self":[{"href":"https:\/\/woodentouch.fi\/wordpress\/wp-json\/wp\/v2\/pages\/2760","targetHints":{"allow":["GET"]}}],"collection":[{"href":"https:\/\/woodentouch.fi\/wordpress\/wp-json\/wp\/v2\/pages"}],"about":[{"href":"https:\/\/woodentouch.fi\/wordpress\/wp-json\/wp\/v2\/types\/page"}],"author":[{"embeddable":true,"href":"https:\/\/woodentouch.fi\/wordpress\/wp-json\/wp\/v2\/users\/3"}],"replies":[{"embeddable":true,"href":"https:\/\/woodentouch.fi\/wordpress\/wp-json\/wp\/v2\/comments?post=2760"}],"version-history":[{"count":3,"href":"https:\/\/woodentouch.fi\/wordpress\/wp-json\/wp\/v2\/pages\/2760\/revisions"}],"predecessor-version":[{"id":2767,"href":"https:\/\/woodentouch.fi\/wordpress\/wp-json\/wp\/v2\/pages\/2760\/revisions\/2767"}],"up":[{"embeddable":true,"href":"https:\/\/woodentouch.fi\/wordpress\/wp-json\/wp\/v2\/pages\/333"}],"wp:attachment":[{"href":"https:\/\/woodentouch.fi\/wordpress\/wp-json\/wp\/v2\/media?parent=2760"}],"curies":[{"name":"wp","href":"https:\/\/api.w.org\/{rel}","templated":true}]}}