{"id":2648,"date":"2016-11-13T21:27:14","date_gmt":"2016-11-13T19:27:14","guid":{"rendered":"http:\/\/www.woodentouch.fi\/?page_id=2648"},"modified":"2016-11-13T21:29:07","modified_gmt":"2016-11-13T19:29:07","slug":"lipasto140","status":"publish","type":"page","link":"https:\/\/woodentouch.fi\/wordpress\/tuotteet\/galleria\/lipasto140\/","title":{"rendered":"lipasto140"},"content":{"rendered":"<p>Tamminen eteispenkki laatikoin.<\/p>\n<p>Parhailla mahdollisilla saksalaisilla laatikkomekanismeilla, jotka sulkeutuvat n\u00e4tisti hidastuen ja kest\u00e4v\u00e4t kuormaa 50 kg.<\/p>\n<p>Voidaan toteuttaa halutuilla mitoilla ja laatikkojaolla.<\/p>\n","protected":false},"excerpt":{"rendered":"<p>Tamminen eteispenkki laatikoin. Parhailla mahdollisilla saksalaisilla laatikkomekanismeilla, jotka sulkeutuvat n\u00e4tisti hidastuen ja kest\u00e4v\u00e4t kuormaa 50 kg. Voidaan toteuttaa halutuilla mitoilla ja laatikkojaolla.<\/p>\n","protected":false},"author":3,"featured_media":0,"parent":333,"menu_order":0,"comment_status":"closed","ping_status":"open","template":"tuote.php","meta":{"om_disable_all_campaigns":false,"_monsterinsights_skip_tracking":false,"_monsterinsights_sitenote_active":false,"_monsterinsights_sitenote_note":"","_monsterinsights_sitenote_category":0,"footnotes":""},"class_list":["post-2648","page","type-page","status-publish","hentry"],"aioseo_notices":[],"_links":{"self":[{"href":"https:\/\/woodentouch.fi\/wordpress\/wp-json\/wp\/v2\/pages\/2648","targetHints":{"allow":["GET"]}}],"collection":[{"href":"https:\/\/woodentouch.fi\/wordpress\/wp-json\/wp\/v2\/pages"}],"about":[{"href":"https:\/\/woodentouch.fi\/wordpress\/wp-json\/wp\/v2\/types\/page"}],"author":[{"embeddable":true,"href":"https:\/\/woodentouch.fi\/wordpress\/wp-json\/wp\/v2\/users\/3"}],"replies":[{"embeddable":true,"href":"https:\/\/woodentouch.fi\/wordpress\/wp-json\/wp\/v2\/comments?post=2648"}],"version-history":[{"count":4,"href":"https:\/\/woodentouch.fi\/wordpress\/wp-json\/wp\/v2\/pages\/2648\/revisions"}],"predecessor-version":[{"id":2657,"href":"https:\/\/woodentouch.fi\/wordpress\/wp-json\/wp\/v2\/pages\/2648\/revisions\/2657"}],"up":[{"embeddable":true,"href":"https:\/\/woodentouch.fi\/wordpress\/wp-json\/wp\/v2\/pages\/333"}],"wp:attachment":[{"href":"https:\/\/woodentouch.fi\/wordpress\/wp-json\/wp\/v2\/media?parent=2648"}],"curies":[{"name":"wp","href":"https:\/\/api.w.org\/{rel}","templated":true}]}}