{"id":2485,"date":"2015-08-17T23:42:56","date_gmt":"2015-08-17T20:42:56","guid":{"rendered":"http:\/\/www.woodentouch.fi\/?page_id=2485"},"modified":"2019-08-13T23:20:53","modified_gmt":"2019-08-13T20:20:53","slug":"high-end","status":"publish","type":"page","link":"https:\/\/woodentouch.fi\/wordpress\/high-end\/","title":{"rendered":"high end"},"content":{"rendered":"<p>Toiset esineet ovat kauniimpia ja viimeistellympi\u00e4 kuin toiset.<\/p>\n<p>Toteutamme pienimuotoisia high end tuoteprojekteja, joissa valmistetaan todellisia yksitt\u00e4iskappaleita asiakkaan idean pohjalta. Erona on yksil\u00f6llinen suunnittelu ja toteutus ennenn\u00e4kem\u00e4tt\u00f6mill\u00e4 ratkaisuilla ja parhailla materiaaleilla.<\/p>\n<p>Tuotteet suunnitellaan ja valmistetaan aikaa sek\u00e4 vaivaa s\u00e4\u00e4st\u00e4m\u00e4tt\u00e4. Lopputuloksena syntyy tulevaisuuden arvoesineit\u00e4.<\/p>\n<p>Tuotteen hintaa ei voi ennalta sanoa vaan se muodostuu tehtyjen ty\u00f6tuntien mukaan.<\/p>\n","protected":false},"excerpt":{"rendered":"<p>Toiset esineet ovat kauniimpia ja viimeistellympi\u00e4 kuin toiset. Toteutamme pienimuotoisia high end tuoteprojekteja, joissa valmistetaan todellisia yksitt\u00e4iskappaleita asiakkaan idean pohjalta. Erona on yksil\u00f6llinen suunnittelu ja toteutus ennenn\u00e4kem\u00e4tt\u00f6mill\u00e4 ratkaisuilla ja parhailla materiaaleilla. Tuotteet suunnitellaan ja valmistetaan aikaa sek\u00e4 vaivaa s\u00e4\u00e4st\u00e4m\u00e4tt\u00e4. Lopputuloksena syntyy tulevaisuuden arvoesineit\u00e4. Tuotteen hintaa ei voi ennalta sanoa vaan se muodostuu tehtyjen ty\u00f6tuntien mukaan.<\/p>\n","protected":false},"author":3,"featured_media":0,"parent":0,"menu_order":30,"comment_status":"closed","ping_status":"open","template":"","meta":{"om_disable_all_campaigns":false,"_monsterinsights_skip_tracking":false,"_monsterinsights_sitenote_active":false,"_monsterinsights_sitenote_note":"","_monsterinsights_sitenote_category":0,"footnotes":""},"class_list":["post-2485","page","type-page","status-publish","hentry"],"aioseo_notices":[],"_links":{"self":[{"href":"https:\/\/woodentouch.fi\/wordpress\/wp-json\/wp\/v2\/pages\/2485","targetHints":{"allow":["GET"]}}],"collection":[{"href":"https:\/\/woodentouch.fi\/wordpress\/wp-json\/wp\/v2\/pages"}],"about":[{"href":"https:\/\/woodentouch.fi\/wordpress\/wp-json\/wp\/v2\/types\/page"}],"author":[{"embeddable":true,"href":"https:\/\/woodentouch.fi\/wordpress\/wp-json\/wp\/v2\/users\/3"}],"replies":[{"embeddable":true,"href":"https:\/\/woodentouch.fi\/wordpress\/wp-json\/wp\/v2\/comments?post=2485"}],"version-history":[{"count":2,"href":"https:\/\/woodentouch.fi\/wordpress\/wp-json\/wp\/v2\/pages\/2485\/revisions"}],"predecessor-version":[{"id":2491,"href":"https:\/\/woodentouch.fi\/wordpress\/wp-json\/wp\/v2\/pages\/2485\/revisions\/2491"}],"wp:attachment":[{"href":"https:\/\/woodentouch.fi\/wordpress\/wp-json\/wp\/v2\/media?parent=2485"}],"curies":[{"name":"wp","href":"https:\/\/api.w.org\/{rel}","templated":true}]}}