{"id":2244,"date":"2008-10-24T20:42:54","date_gmt":"2008-10-24T17:42:54","guid":{"rendered":"http:\/\/www.woodentouch.fi\/?page_id=2244"},"modified":"2019-08-20T16:21:07","modified_gmt":"2019-08-20T13:21:07","slug":"poyta240","status":"publish","type":"page","link":"https:\/\/woodentouch.fi\/wordpress\/tuotteet\/galleria\/poyta240\/","title":{"rendered":"poyta240"},"content":{"rendered":"<p>Valko\u00f6ljyvahattu tammesta valmistettu ruokap\u00f6yt\u00e4. Jalkojen kiinnitys lohenpyrst\u00f6liitoksin. Huomaa p\u00f6yd\u00e4n p\u00e4\u00e4dyn hienot syykuviot.<\/p>\n<p>200&#215;100 tammi 1680 euroa<\/p>\n","protected":false},"excerpt":{"rendered":"<p>Valko\u00f6ljyvahattu tammesta valmistettu ruokap\u00f6yt\u00e4. Jalkojen kiinnitys lohenpyrst\u00f6liitoksin. Huomaa p\u00f6yd\u00e4n p\u00e4\u00e4dyn hienot syykuviot. 200&#215;100 tammi 1680 euroa<\/p>\n","protected":false},"author":3,"featured_media":0,"parent":333,"menu_order":0,"comment_status":"closed","ping_status":"open","template":"tuote.php","meta":{"om_disable_all_campaigns":false,"_monsterinsights_skip_tracking":false,"_monsterinsights_sitenote_active":false,"_monsterinsights_sitenote_note":"","_monsterinsights_sitenote_category":0,"footnotes":""},"class_list":["post-2244","page","type-page","status-publish","hentry"],"aioseo_notices":[],"_links":{"self":[{"href":"https:\/\/woodentouch.fi\/wordpress\/wp-json\/wp\/v2\/pages\/2244","targetHints":{"allow":["GET"]}}],"collection":[{"href":"https:\/\/woodentouch.fi\/wordpress\/wp-json\/wp\/v2\/pages"}],"about":[{"href":"https:\/\/woodentouch.fi\/wordpress\/wp-json\/wp\/v2\/types\/page"}],"author":[{"embeddable":true,"href":"https:\/\/woodentouch.fi\/wordpress\/wp-json\/wp\/v2\/users\/3"}],"replies":[{"embeddable":true,"href":"https:\/\/woodentouch.fi\/wordpress\/wp-json\/wp\/v2\/comments?post=2244"}],"version-history":[{"count":5,"href":"https:\/\/woodentouch.fi\/wordpress\/wp-json\/wp\/v2\/pages\/2244\/revisions"}],"predecessor-version":[{"id":2711,"href":"https:\/\/woodentouch.fi\/wordpress\/wp-json\/wp\/v2\/pages\/2244\/revisions\/2711"}],"up":[{"embeddable":true,"href":"https:\/\/woodentouch.fi\/wordpress\/wp-json\/wp\/v2\/pages\/333"}],"wp:attachment":[{"href":"https:\/\/woodentouch.fi\/wordpress\/wp-json\/wp\/v2\/media?parent=2244"}],"curies":[{"name":"wp","href":"https:\/\/api.w.org\/{rel}","templated":true}]}}