{"id":217,"date":"2009-06-24T14:47:09","date_gmt":"2009-06-24T11:47:09","guid":{"rendered":"http:\/\/www.woodentouch.fi\/wordpress\/?page_id=217"},"modified":"2021-08-19T16:00:28","modified_gmt":"2021-08-19T13:00:28","slug":"penkki-70","status":"publish","type":"page","link":"https:\/\/woodentouch.fi\/wordpress\/tuotteet\/galleria\/penkki-70\/","title":{"rendered":"penkki70"},"content":{"rendered":"<p>Yksinkertainen on kaunista. Muun sisustuksen ollessa samaa linjaa yksinkertainen tyylikkyys ja linjakkuus p\u00e4\u00e4see oikeuksiinsa. Toinen k\u00e4ytt\u00e4\u00e4 t\u00e4t\u00e4 eteisen penkkin\u00e4. Toiselle t\u00e4m\u00e4 toimii sohvap\u00f6yt\u00e4n\u00e4.<\/p>\n<p>110x40x45<\/p>\n<p>370 euroa<\/p>\n","protected":false},"excerpt":{"rendered":"<p>Yksinkertainen on kaunista. Muun sisustuksen ollessa samaa linjaa yksinkertainen tyylikkyys ja linjakkuus p\u00e4\u00e4see oikeuksiinsa. Toinen k\u00e4ytt\u00e4\u00e4 t\u00e4t\u00e4 eteisen penkkin\u00e4. Toiselle t\u00e4m\u00e4 toimii sohvap\u00f6yt\u00e4n\u00e4. 110x40x45 370 euroa<\/p>\n","protected":false},"author":3,"featured_media":0,"parent":333,"menu_order":0,"comment_status":"open","ping_status":"open","template":"tuote.php","meta":{"om_disable_all_campaigns":false,"_monsterinsights_skip_tracking":false,"_monsterinsights_sitenote_active":false,"_monsterinsights_sitenote_note":"","_monsterinsights_sitenote_category":0,"footnotes":""},"class_list":["post-217","page","type-page","status-publish","hentry"],"aioseo_notices":[],"_links":{"self":[{"href":"https:\/\/woodentouch.fi\/wordpress\/wp-json\/wp\/v2\/pages\/217","targetHints":{"allow":["GET"]}}],"collection":[{"href":"https:\/\/woodentouch.fi\/wordpress\/wp-json\/wp\/v2\/pages"}],"about":[{"href":"https:\/\/woodentouch.fi\/wordpress\/wp-json\/wp\/v2\/types\/page"}],"author":[{"embeddable":true,"href":"https:\/\/woodentouch.fi\/wordpress\/wp-json\/wp\/v2\/users\/3"}],"replies":[{"embeddable":true,"href":"https:\/\/woodentouch.fi\/wordpress\/wp-json\/wp\/v2\/comments?post=217"}],"version-history":[{"count":11,"href":"https:\/\/woodentouch.fi\/wordpress\/wp-json\/wp\/v2\/pages\/217\/revisions"}],"predecessor-version":[{"id":2885,"href":"https:\/\/woodentouch.fi\/wordpress\/wp-json\/wp\/v2\/pages\/217\/revisions\/2885"}],"up":[{"embeddable":true,"href":"https:\/\/woodentouch.fi\/wordpress\/wp-json\/wp\/v2\/pages\/333"}],"wp:attachment":[{"href":"https:\/\/woodentouch.fi\/wordpress\/wp-json\/wp\/v2\/media?parent=217"}],"curies":[{"name":"wp","href":"https:\/\/api.w.org\/{rel}","templated":true}]}}