{"id":159,"date":"2009-06-24T13:57:58","date_gmt":"2009-06-24T10:57:58","guid":{"rendered":"http:\/\/www.woodentouch.fi\/wordpress\/?page_id=159"},"modified":"2015-06-30T21:25:17","modified_gmt":"2015-06-30T18:25:17","slug":"sangynpaaty30","status":"publish","type":"page","link":"https:\/\/woodentouch.fi\/wordpress\/tuotteet\/galleria\/sangynpaaty30\/","title":{"rendered":"sangynpaaty30"},"content":{"rendered":"<p>s\u00e4ngynp\u00e4\u00e4ty, jossa molemmilla puolilla omat k\u00e4tev\u00e4t hyllyt. Hyv\u00e4ll\u00e4 maulla valittu p\u00e4iv\u00e4peitto tuo t\u00e4m\u00e4n upean p\u00e4\u00e4dyn upeasti esille.<\/p>\n<p>Irralliset lukuvalot voidaan asentaa p\u00e4\u00e4dyn p\u00e4\u00e4lle. Rohkeimmat sisustajat ovat laittaneet n\u00e4ihin tasoihin tyynyt roikkumaan selk\u00e4nojiksi.<\/p>\n<p>180&#215;110 910 euroa<\/p>\n<p style=\"padding-top: 0px; padding-right: 0px; padding-bottom: 10px; padding-left: 0px; outline-width: 0px; outline-style: initial; outline-color: initial; font-size: 10px; vertical-align: baseline; background-image: initial; background-attachment: initial; background-origin: initial; background-clip: initial; background-color: transparent; line-height: 1.2em; background-position: initial initial; background-repeat: initial initial; margin: 0px; border: 0px initial initial;\">\n","protected":false},"excerpt":{"rendered":"<p>s\u00e4ngynp\u00e4\u00e4ty, jossa molemmilla puolilla omat k\u00e4tev\u00e4t hyllyt. Hyv\u00e4ll\u00e4 maulla valittu p\u00e4iv\u00e4peitto tuo t\u00e4m\u00e4n upean p\u00e4\u00e4dyn upeasti esille. Irralliset lukuvalot voidaan asentaa p\u00e4\u00e4dyn p\u00e4\u00e4lle. Rohkeimmat sisustajat ovat laittaneet n\u00e4ihin tasoihin tyynyt roikkumaan selk\u00e4nojiksi. 180&#215;110 910 euroa<\/p>\n","protected":false},"author":3,"featured_media":0,"parent":333,"menu_order":0,"comment_status":"open","ping_status":"open","template":"tuote.php","meta":{"om_disable_all_campaigns":false,"_monsterinsights_skip_tracking":false,"_monsterinsights_sitenote_active":false,"_monsterinsights_sitenote_note":"","_monsterinsights_sitenote_category":0,"footnotes":""},"class_list":["post-159","page","type-page","status-publish","hentry"],"aioseo_notices":[],"_links":{"self":[{"href":"https:\/\/woodentouch.fi\/wordpress\/wp-json\/wp\/v2\/pages\/159","targetHints":{"allow":["GET"]}}],"collection":[{"href":"https:\/\/woodentouch.fi\/wordpress\/wp-json\/wp\/v2\/pages"}],"about":[{"href":"https:\/\/woodentouch.fi\/wordpress\/wp-json\/wp\/v2\/types\/page"}],"author":[{"embeddable":true,"href":"https:\/\/woodentouch.fi\/wordpress\/wp-json\/wp\/v2\/users\/3"}],"replies":[{"embeddable":true,"href":"https:\/\/woodentouch.fi\/wordpress\/wp-json\/wp\/v2\/comments?post=159"}],"version-history":[{"count":13,"href":"https:\/\/woodentouch.fi\/wordpress\/wp-json\/wp\/v2\/pages\/159\/revisions"}],"predecessor-version":[{"id":2464,"href":"https:\/\/woodentouch.fi\/wordpress\/wp-json\/wp\/v2\/pages\/159\/revisions\/2464"}],"up":[{"embeddable":true,"href":"https:\/\/woodentouch.fi\/wordpress\/wp-json\/wp\/v2\/pages\/333"}],"wp:attachment":[{"href":"https:\/\/woodentouch.fi\/wordpress\/wp-json\/wp\/v2\/media?parent=159"}],"curies":[{"name":"wp","href":"https:\/\/api.w.org\/{rel}","templated":true}]}}