{"id":149,"date":"2020-07-24T12:34:40","date_gmt":"2020-07-24T09:34:40","guid":{"rendered":"http:\/\/www.woodentouch.fi\/wordpress\/?page_id=149"},"modified":"2024-04-10T13:35:46","modified_gmt":"2024-04-10T10:35:46","slug":"5tvtaso20","status":"publish","type":"page","link":"https:\/\/woodentouch.fi\/wordpress\/tuotteet\/galleria\/5tvtaso20\/","title":{"rendered":"5tvtaso200"},"content":{"rendered":"<p>Leve\u00e4 ja matala tv-taso on linjakas. Sirot jalat tuovat tasolle leijuvan olemuksen. Etulevyt voi olla laatikkoja tai kippiovia alasp\u00e4in, jolloin sis\u00e4lle voi laittaa av-laitteita.<\/p>\n<p>&nbsp;<\/p>\n<p>180x40x45 kolme osiota 1160 euroa<\/p>\n<p>220x40x45 nelj\u00e4 osiota 1290 euroa<\/p>\n<p>260x40x45 nelj\u00e4 osiota 1550 euroa<\/p>\n<p>&nbsp;<\/p>\n","protected":false},"excerpt":{"rendered":"<p>Leve\u00e4 ja matala tv-taso on linjakas. Sirot jalat tuovat tasolle leijuvan olemuksen. Etulevyt voi olla laatikkoja tai kippiovia alasp\u00e4in, jolloin sis\u00e4lle voi laittaa av-laitteita. &nbsp; 180x40x45 kolme osiota 1160 euroa 220x40x45 nelj\u00e4 osiota 1290 euroa 260x40x45 nelj\u00e4 osiota 1550 euroa &nbsp;<\/p>\n","protected":false},"author":3,"featured_media":0,"parent":333,"menu_order":0,"comment_status":"open","ping_status":"open","template":"tuote.php","meta":{"om_disable_all_campaigns":false,"_monsterinsights_skip_tracking":false,"_monsterinsights_sitenote_active":false,"_monsterinsights_sitenote_note":"","_monsterinsights_sitenote_category":0,"footnotes":""},"class_list":["post-149","page","type-page","status-publish","hentry"],"aioseo_notices":[],"_links":{"self":[{"href":"https:\/\/woodentouch.fi\/wordpress\/wp-json\/wp\/v2\/pages\/149","targetHints":{"allow":["GET"]}}],"collection":[{"href":"https:\/\/woodentouch.fi\/wordpress\/wp-json\/wp\/v2\/pages"}],"about":[{"href":"https:\/\/woodentouch.fi\/wordpress\/wp-json\/wp\/v2\/types\/page"}],"author":[{"embeddable":true,"href":"https:\/\/woodentouch.fi\/wordpress\/wp-json\/wp\/v2\/users\/3"}],"replies":[{"embeddable":true,"href":"https:\/\/woodentouch.fi\/wordpress\/wp-json\/wp\/v2\/comments?post=149"}],"version-history":[{"count":19,"href":"https:\/\/woodentouch.fi\/wordpress\/wp-json\/wp\/v2\/pages\/149\/revisions"}],"predecessor-version":[{"id":2928,"href":"https:\/\/woodentouch.fi\/wordpress\/wp-json\/wp\/v2\/pages\/149\/revisions\/2928"}],"up":[{"embeddable":true,"href":"https:\/\/woodentouch.fi\/wordpress\/wp-json\/wp\/v2\/pages\/333"}],"wp:attachment":[{"href":"https:\/\/woodentouch.fi\/wordpress\/wp-json\/wp\/v2\/media?parent=149"}],"curies":[{"name":"wp","href":"https:\/\/api.w.org\/{rel}","templated":true}]}}