{"id":117,"date":"2009-06-24T12:11:00","date_gmt":"2009-06-24T09:11:00","guid":{"rendered":"http:\/\/www.woodentouch.fi\/wordpress\/?page_id=117"},"modified":"2024-04-10T13:33:59","modified_gmt":"2024-04-10T10:33:59","slug":"3lipasto60","status":"publish","type":"page","link":"https:\/\/woodentouch.fi\/wordpress\/tuotteet\/galleria\/3lipasto60\/","title":{"rendered":"3lipasto 60"},"content":{"rendered":"<p>Valkoinen ja tyylik\u00e4s laatikosto.\u00a0 Laatikot maksivoivat k\u00e4ytett\u00e4v\u00e4n s\u00e4ilytystilan kaappeihin verrattuna.<\/p>\n","protected":false},"excerpt":{"rendered":"<p>Valkoinen ja tyylik\u00e4s laatikosto.\u00a0 Laatikot maksivoivat k\u00e4ytett\u00e4v\u00e4n s\u00e4ilytystilan kaappeihin verrattuna.<\/p>\n","protected":false},"author":3,"featured_media":0,"parent":333,"menu_order":0,"comment_status":"open","ping_status":"open","template":"tuote.php","meta":{"om_disable_all_campaigns":false,"_monsterinsights_skip_tracking":false,"_monsterinsights_sitenote_active":false,"_monsterinsights_sitenote_note":"","_monsterinsights_sitenote_category":0,"footnotes":""},"class_list":["post-117","page","type-page","status-publish","hentry"],"aioseo_notices":[],"_links":{"self":[{"href":"https:\/\/woodentouch.fi\/wordpress\/wp-json\/wp\/v2\/pages\/117","targetHints":{"allow":["GET"]}}],"collection":[{"href":"https:\/\/woodentouch.fi\/wordpress\/wp-json\/wp\/v2\/pages"}],"about":[{"href":"https:\/\/woodentouch.fi\/wordpress\/wp-json\/wp\/v2\/types\/page"}],"author":[{"embeddable":true,"href":"https:\/\/woodentouch.fi\/wordpress\/wp-json\/wp\/v2\/users\/3"}],"replies":[{"embeddable":true,"href":"https:\/\/woodentouch.fi\/wordpress\/wp-json\/wp\/v2\/comments?post=117"}],"version-history":[{"count":11,"href":"https:\/\/woodentouch.fi\/wordpress\/wp-json\/wp\/v2\/pages\/117\/revisions"}],"predecessor-version":[{"id":2927,"href":"https:\/\/woodentouch.fi\/wordpress\/wp-json\/wp\/v2\/pages\/117\/revisions\/2927"}],"up":[{"embeddable":true,"href":"https:\/\/woodentouch.fi\/wordpress\/wp-json\/wp\/v2\/pages\/333"}],"wp:attachment":[{"href":"https:\/\/woodentouch.fi\/wordpress\/wp-json\/wp\/v2\/media?parent=117"}],"curies":[{"name":"wp","href":"https:\/\/api.w.org\/{rel}","templated":true}]}}